{"id":3,"date":"2010-01-24T05:49:16","date_gmt":"2010-01-24T12:49:16","guid":{"rendered":"http:\/\/paraglidingit.com\/CM\/?page_id=3"},"modified":"2010-01-24T05:49:16","modified_gmt":"2010-01-24T12:49:16","slug":"amministrazione","status":"publish","type":"page","link":"https:\/\/nuovo.cm12ernici.it\/blog\/?page_id=3","title":{"rendered":"Organi Politici"},"content":{"rendered":"<div style=\"text-align: justify;\">Gli organi politici della XII Comunit\u00e0 Montana del Lazio &#8216;Monti Ernici&#8217; sono:<\/div>\n<div style=\"text-align: justify;\"><\/div>\n<div style=\"text-align: justify;\">\n<h3><strong><a href=\"http:\/\/www.cm12ernici.it\/?p=116\">Consiglio comunitario<\/a><\/strong><\/h3>\n<p>Il consiglio comunitario della comunit\u00e0 montana \u00e8 composto da un numero   massimo di 3 rappresentanti per ognuno dei comuni facenti parte della   comunit\u00e0 montana secondo la normativa vigente e dura in carica cinque   anni a partire dalla data di insediamento.<\/p>\n<p>Il  consiglio comunitario quale organo di rappresentanza dei comuni membri  determina l&#8217;indirizzo politico attraverso l&#8217;adozione degli atti  fondamentali ed esercita il controllo sia politico che amministrativo.<\/p>\n<p>Gli  atti fondamentali riguardano l&#8217;ordinamento istituzionale, la produzione  normativa statutaria e regolamentare, la programmazione socio-economica e  finanziaria e le modalit\u00e0 di gestione dei servizi e dei rapporti  interistituzionali.<\/p>\n<p>Il  consiglio comunitario esercita le competenze previste dalla legge e in  particolar modo le seguenti:<br \/>\na) statuto e regolamenti;<br \/>\nb) piani e programmi strategici;<br \/>\nc) bilancio di previsione e relativi allegati;<br \/>\nd) rendiconto della gestione;<br \/>\ne) assunzione diretta di pubblici servizi, costituzione di istituzioni,  di consorzi e di aziende speciali, partecipazione a societ\u00e0 di capitali,  convenzioni con altri enti;<br \/>\nf) accettazione di funzioni delegate dai comuni membri e dalla  provincia, dalla regione e da altri soggetti pubblici;<br \/>\ng) atti di indirizzo per l&#8217;esercizio associato presso la comunit\u00e0  montana di funzioni delegate dalla regione ai comuni membri.<\/p>\n<\/div>\n<h3 style=\"text-align: justify;\"><a href=\"http:\/\/www.cm12ernici.it\/?p=110\"><strong>Presidente<\/strong><\/a><\/h3>\n<div style=\"text-align: justify;\">&#8230;&#8230;. Il presidente \u00e8 il capo dell&#8217;esecutivo della comunit\u00e0 montana e in tale veste esercita funzioni di rappresentanza, di sovrintendenza e di alta amministrazione.<\/div>\n<p style=\"text-align: justify;\">In particolare il presidente:<br \/>\na) ha la rappresentanza della comunit\u00e0 montana;<br \/>\nb) ha la direzione unitaria e il coordinamento dell&#8217;attivit\u00e0 politica;<br \/>\nc) coordina l&#8217;attivit\u00e0 della giunta esecutiva;<br \/>\nd) impartisce direttive al segretario generale-direttore, responsabili dei servizi o funzionari apicali, in ordine agli indirizzi funzionali e di vigilanza sull&#8217;intera gestione amministrativa di tutti gli uffici e servizi;<br \/>\ne) acquisisce direttamente presso tutti gli uffici e servizi informazioni e atti anche riservati;<br \/>\nf) promuove direttamente, o avvalendosi del segretario generale, indagini e verifiche amministrative sull&#8217;intera attivit\u00e0 della comunit\u00e0 montana;<br \/>\ng) compie gli atti conservativi dei diritti della comunit\u00e0 montana;<br \/>\nh) pu\u00f2 disporre l&#8217;acquisizione di atti, documenti ed informazioni presso le aziende speciali, le istituzioni le societ\u00e0 di capitali ed altri organismi appartenenti o collegati alla comunit\u00e0 montana;<br \/>\ni) procede alla nomina del Vice-presidente da scegliersi tra gli assessori e ne da comunicazione al consiglio comunitario nella prima seduta utile;<\/p>\n<p style=\"text-align: justify;\">l) convoca e presiede il consiglio comunitario.<strong><a href=\"http:\/\/www.cm12ernici.it\/?p=114\"><\/a><\/strong><\/p>\n<h3><span style=\"color: #000000;\"><strong><a href=\"http:\/\/www.cm12ernici.it\/?p=114\">Giunta esecutiva<\/a><\/strong><\/span><\/h3>\n<p style=\"text-align: justify;\">&#8230;&#8230;. Alla giunta esecutiva compete l&#8217;adozione di tutti gli atti di amministrazione a contenuto generale o ad elevata discrezionalit\u00e0, nonch\u00e9 di tutti gli atti che per loro natura debbono essere adottati da organi collegiali e non rientrano nella competenza esclusiva del consiglio comunitario, del presidente, dei dirigenti e dei responsabili dei servizi.<\/p>\n<p style=\"text-align: justify;\">La giunta esecutiva svolge le funzioni di propria competenza con provvedimenti deliberativi generali con i quali indica lo scopo e gli obiettivi perseguiti, i mezzi idonei ed i criteri generali cui dovranno attenersi i dirigenti ed i responsabili dei servizi nell&#8217;esercizio delle proprie competenze gestionali ed esecutive loro attribuite dalla legge e dallo statuto.<br \/>\nAdotta i regolamenti ad essa riservati dalla legge.<\/p>\n<p style=\"text-align: justify;\">La giunta esecutiva si riunisce in sedute non pubbliche e delibera a maggioranza con la presenza della maggioranza assoluta dei componenti assegnati.<\/p>\n","protected":false},"excerpt":{"rendered":"<p>Gli organi politici della XII Comunit\u00e0 Montana del Lazio &#8216;Monti Ernici&#8217; sono: Consiglio comunitario Il consiglio comunitario della comunit\u00e0 montana \u00e8 composto da un numero massimo di 3 rappresentanti per ognuno dei comuni facenti parte della comunit\u00e0 montana secondo la normativa vigente e dura in carica cinque anni a partire dalla data di insediamento. Il &hellip; <a href=\"https:\/\/nuovo.cm12ernici.it\/blog\/?page_id=3\" class=\"more-link\">Continue reading <span class=\"screen-reader-text\">Organi Politici<\/span> <span class=\"meta-nav\">&rarr;<\/span><\/a><\/p>\n","protected":false},"author":12,"featured_media":0,"parent":0,"menu_order":0,"comment_status":"open","ping_status":"open","template":"","meta":{"_acf_changed":false,"footnotes":""},"acf":[],"publishpress_future_action":{"enabled":false,"date":"2026-04-20 16:26:09","action":"change-status","newStatus":"draft","terms":[],"taxonomy":""},"_links":{"self":[{"href":"https:\/\/nuovo.cm12ernici.it\/blog\/index.php?rest_route=\/wp\/v2\/pages\/3"}],"collection":[{"href":"https:\/\/nuovo.cm12ernici.it\/blog\/index.php?rest_route=\/wp\/v2\/pages"}],"about":[{"href":"https:\/\/nuovo.cm12ernici.it\/blog\/index.php?rest_route=\/wp\/v2\/types\/page"}],"author":[{"embeddable":true,"href":"https:\/\/nuovo.cm12ernici.it\/blog\/index.php?rest_route=\/wp\/v2\/users\/12"}],"replies":[{"embeddable":true,"href":"https:\/\/nuovo.cm12ernici.it\/blog\/index.php?rest_route=%2Fwp%2Fv2%2Fcomments&post=3"}],"version-history":[{"count":0,"href":"https:\/\/nuovo.cm12ernici.it\/blog\/index.php?rest_route=\/wp\/v2\/pages\/3\/revisions"}],"wp:attachment":[{"href":"https:\/\/nuovo.cm12ernici.it\/blog\/index.php?rest_route=%2Fwp%2Fv2%2Fmedia&parent=3"}],"curies":[{"name":"wp","href":"https:\/\/api.w.org\/{rel}","templated":true}]}}